4 (base 9) to base 15.
8a
10 (base 9) to base 14
9
What is -13 (base 13) in base 15?
-11
What is 2 (base 4) in base 12?
2
What is 42 (base 6) in base 16?
1a
-26 (base 12) to base 15
-20
Convert 1 (base 16) to base 4.
1
-188 (base 11) to base 2
-11011001
Convert 20 (base 9) to base 13.
15
What is 0 (base 16) in base 10?
0
-252 (base 8) to base 7
-332
1a (base 14) to base 13
1b
Convert -6 (base 11) to base 4.
-12
110 (base 3) to base 7
15
What is 2 (base 8) in base 5?
2
-176 (base 15) to base 5
-2321
58 (base 12) to base 9
75
What is -10000000 (base 2) in base 6?
-332
Convert -18 (base 14) to base 13.
-19
-15 (base 8) to base 12
-11
What is -4 (base 5) in base 10?
-4
What is 18 (base 15) in base 4?
113
-12 (base 14) to base 16
-10
What is -2e (base 15) in base 4?
-230
2321 (base 4) to base 5
1220
What is -16 (base 15) in base 4?
-111
1 (base 16) to base 5
1
What is 3 (base 6) in base 13?
3
Convert -2 (base 8) to base 11.
-2
Convert 10 (base 7) to base 16.
7
-4 (base 13) to base 3
-11
What is 100 (base 3) in base 13?
9
4 (base 12) to base 6
4
-1020 (base 4) to base 13
-57
122 (base 3) to base 10
17
Convert -68 (base 14) to base 10.
-92
What is 113 (base 5) in base 15?
23
Convert 9 (base 15) to base 16.
9
431 (base 6) to base 3
20001
1304 (base 5) to base 11
176
-4 (base 13) to base 8
-4
What is 3 (base 14) in base 16?
3
12 (base 9) to base 2
1011
Convert -105 (base 8) to base 6.
-153
-110 (base 2) to base 7
-6
-3 (base 13) to base 15
-3
What is -31 (base 6) in base 2?
-10011
-17 (base 12) to base 7
-25
0 (base 3) to base 5
0
What is -2 (base 6) in base 11?
-2
52 (base 6) to base 11
2a
-127 (base 9) to base 13
-82
What is -1021 (base 4) in base 12?
-61
What is 1002 (base 3) in base 2?
11101
Convert -5 (base 16) to base 3.
-12
Convert -5 (base 11) to base 16.
-5
Convert -1 (base 12) to base 10.
-1
Convert -1 (base 3) to base 13.
-1
Convert 8 (base 15) to base 13.
8
What is -15 (base 15) in base 5?
-40
-260 (base 8) to base 13
-107
What is 43 (base 5) in base 4?
113
-178 (base 12) to base 13
-152
-101 (base 3) to base 16
-a
Convert -12 (base 3) to base 6.
-5
Convert 1 (base 14) to base 16.
1
10233 (base 4) to base 14
179
76 (base 13) to base 9
117
What is 27 (base 12) in base 11?
29
What is 3 (base 10) in base 9?
3
What is -3 (base 10) in base 9?
-3
34 (base 13) to base 15
2d
Convert 0 (base 6) to base 7.
0
2 (base 10) to base 9
2
0 (base 3) to base 8
0
-11 (base 5) to base 11
-6
Convert 4 (base 9) to base 4.
10
-51 (base 15) to base 10
-76
What is -12010 (base 3) in base 7?
-255
Convert -b9 (base 16) to base 7.
-353
What is 7 (base 14) in base 10?
7
-3 (base 10) to base 3
-10
1120 (base 3) to base 8
52
What is 11 (base 6) in base 7?
10
93 (base 12) to base 3
11010
Convert 11 (base 12) to base 7.
16
What is 0 (base 13) in base 8?
0
What is -2a (base 13) in base 8?
-44
7 (base 14) to base 11
7
Convert 54 (base 15) to base 4.
1033
Convert -3033 (base 4) to base 8.
-317
Convert 113 (base 4) to base 10.
23
Convert -220 (base 3) to base 8.
-30
What is 3 (base 16) in base 3?
10
Convert -68 (base 12) to base 8.
-120
What is 1 (base 15) in base 9?
1
Convert -561 (base 8) to base 3.
-111200
Convert 0 (base 8) to base 10.
0
122 (base 11) to base 13
b2
Convert 1110111 (base 2) to base 3.
11102
Convert c (base 16) to base 12.
10
What is -111 (base 6) in base 14?
-31
Convert -100 (base 4) to base 7.
-22
-11 (base 2) to base 9
-3
What is 17 (base 10) in base 12?
15
Convert -11 (base 4) to base 6.
-5
What is -22 (base 4) in base 3?
-101
-3 (base 16) to base 14
-3
Convert 1002 (base 4) to base 11.
60
Convert 110011 (base 2) to base 16.
33
Convert -1a (base 13) to base 15.
-18
What is -52 (base 13) in base 15?
-47
What is 30 (base 13) in base 11?
36
Convert -10 (base 5) to base 12.
-5
Convert 33 (base 9) to base 10.
30
Convert -1 (base 10) to base 13.
-1
What is a (base 15) in base 9?
11
Convert -40 (base 14) to base 9.
-62
Convert -11 (base 4) to base 13.
-5
4 (base 11) to base 14
4
Convert -1 (base 3) to base 12.
-1
Convert -103 (base 9) to base 7.
-150
Convert 121 (base 4) to base 10.
25
-454 (base 7) to base 10
-235
-7 (base 13) to base 16
-7
What is 6 (base 10) in base 2?
110
What is 2 (base 8) in base 6?
2
What is -76 (base 11) in base 10?
-83
What is -2 (base 7) in base 15?
-2
-124 (base 6) to base 12
-44
What is -2 (base 12) in base 13?
-2
-10 (base 12) to base 11
-11
-c (base 14) to base 9
-13
Convert 2012 (base 4) to base 12.
b2
What is -42 (base 6) in base 5?
-101
What is -331 (base 6) in base 10?
-127
Convert 1 (base 12) to base 14.
1
What is 4 (base 5) in base 9?
4
Convert 2 (base 13) to base 10.
2
Convert 2 (base 10) to base 16.
2
-14 (base 5) to base 16
-9
Convert 16 (base 8) to base 15.
e
-1 (base 6) to base 9
-1
Convert -10001011 (base 2) to base 11.
-117
What is -16 (base 8) in base 14?
-10
25 (base 9) to base 6
35
167 (base 11) to base 3
21012
What is 45 (base 9) in base 4?
221
1 (base 12) to base 4
1
1 (base 12) to base 6
1
-202 (base 3) to base 9
-22
What is 73 (base 9) in base 15?
46
Convert 314 (base 5) to base 12.
70
Convert -b (base 12) to base 3.
-102
-111 (base 2) to base 13
-7
0 (base 16) to base 7
0
Convert -201 (base 7) to base 9.
-120
What is -2 (base 4) in base 5?
-2
Convert 1 (base 5) to base 14.
1
-11 (base 13) to base 11
-13
What is 1 (base 13) in base 7?
1
111 (base 2) to base 9
7
6 (base 8) to base 12
6
-29 (base 15) to base 14
-2b
Convert -1110 (base 2) to base 11.
-13
What is 9 (base 14) in base 5?
14
Convert -73 (base 9) to base 6.
-150
6 (base 15) to base 13
6
What is 0 (base 8) in base 3?
0
Convert 0 (base 12) to base 9.
0
6 (base 12) to base 2
110
Convert 1 (base 2) to base 6.
1
Convert 8 (base 9) to base 14.
8
Convert -40 (base 9) to base 16.
-24
Convert -6 (base 11) to base 14.
-6
What is -ab (base 16) in base 8?
-253
Convert -3 (base 6) to base 11.
-3
-34 (base 5) to base 12
-17
Convert 3 (base 4) to base 15.
3
Convert -11222 (base 3) to base 6.
-342
Convert -17 (base 8) to base 14.
-11
Convert -43 (base 14) to base 5.
-214
-243 (base 5) to base 7
-133
0 (base 11) to base 8
0
-12 (base 15) to base 7
-23
Convert -21 (base 4) to base 6.
-13
-144 (base 5) to base 6
-121
320 (base 5) to base 16
55
2 (base 7) to base 6
2
Convert 0 (base 12) to base 14.
0
111 (base 3) to base 4
31
-3 (base 15) to base 7
-3
Convert -2 (base 14) to base 5.
-2
11 (base 3) to base 4
10
70 (base 10) to base 12
5a
Convert -19 (base 11) to base 3.
-202
1 (base 7) to base 5
1
What is 11d (base 16) in base 9?
346
Convert -26 (base 9) to base 3.
-220
Convert 37 (base 11) to base 15.
2a
What is 5 (base 7) in base 10?
5
Convert 0 (base 8) to base 9.
0
-1 (base 13) to base 7
-1
What is 101000001 (base 2) in base 3?
102220
Convert -2 (base 9) to base 2.
-10
What is -110100 (base 2) in base 13?
-40
-5 (base 14) to base 8
-5
What is -14 (base 10) in base 8?
-16
7 (base 12) to base 8
7
What is 23 (base 8) in base 9?
21
What is -2 (base 12) in base 9?
-2
22 (base 4) to base 8
12
-9a (base 13) to base 7
-241
2 (base 6) to base 14
2
-a (base 16) to base 4
-22
-3 (base 7) to base 11
-3
Convert 21 (base 12) to base 3.
221
Convert 30 (base 5) to base 3.
120
Convert 12 (base 14) to base 10.
16
63 (base 16) to base 4
1203
Convert -46 (base 7) to base 16.
-22
-10 (base 4) to base 6
-4
What is 21 (base 16) in base 11?
30
-164 (base 8) to base 14
-84
Convert -9 (base 16) to base 7.
-12
What is -3 (base 5) in base 4?
-3
What is 2 (base 9) in base 6?
2
Convert -4 (base 10) to base 4.
-10
What is 6 (base 7) in base 16?
6
Convert b2 (base 13) to base 14.
a5
17 (base 11) to base 5
33
Convert -23 (base 10) to base 2.
-10111
120 (base 6) to base 12
40
-33 (base 7) to base 6
-40
What is 28 (base 11) in base 13?
24
Convert 0 (base 16) to base 12.
0
Convert -151 (base 6) to base 7.
-124
Convert 4 (base 9) to base 3.
11
20 (base 3) to base 10
6
1 (base 9) to base 5
1
Convert 30 (base 4) to base 16.
c
Convert -7 (base 11) to base 13.
-7
What is 13 (base 9) in base 6?
20
Convert -3 (base 8) to base 2.
-11
220 (base 3) to base 7
33
Convert -1042 (base 6) to base 11.
-200
What is 2 (base 14) in base 11?
2
Convert -12 (base 5) to base 8.
-7
-56 (base 14) to base 15
-51
5 (base 13) to base 14
5
16 (base 13) to base 11
18
Convert 31 (base 5) to base 2.
10000
224 (base 5) to base 8
10